f)?
7
Suppose 4*d = -12, b + 2*d = 6*d + 16. Let p = b + 8. What is the tens digit of p?
1
Let w be 12 - (-4 + -2)/(-3). Suppose 0*t = 2*t - w. Suppose -q - 2 = -2*k - 3, -k - 32 = -t*q. What is the units digit of q?
7
Let w = -16 + 28. What is the units digit of w?
2
Let h(s) = 34 - 4*s**2 - 41*s - 7*s**2 - 3*s**2. Let t(r) = 5*r**2 + 14*r - 11. Let c(i) = 4*h(i) + 11*t(i). What is the units digit of c(-11)?
4
Let f = 11 - 2. What is the units digit of f?
9
Suppose -2*j + 146 = 48. What is the units digit of j?
9
Suppose y - 32 = 5*z, 4*z + 27 = -2*y + 3*y. Suppose y = -t + 1. What is the units digit of 3/t*(-2 + -10)?
6
Let p = -212 + 368. What is the hundreds digit of p?
1
Suppose -6*g + g = 4*a - 29, g - 4*a = 1. Suppose u = o, 0*o - 3*u + g = 2*o. Let f = 1 + o. What is the units digit of f?
2
Suppose -6*t + 12 = -2*t. Suppose 6*k = t*k. What is the units digit of (k - -2) + 1 + 8?
1
Let q(r) = -2*r**2 + 6*r + 5. Let b(j) = -3 - 2 - 3*j + 0 + 3 + j**2. Let f(c) = 7*b(c) + 3*q(c). What is the units digit of f(4)?
5
Let x(w) = 8*w**2 + 2*w - 1. What is the units digit of x(-2)?
7
Suppose 101 = -5*d + 4*i, 89 = -3*d - d - 5*i. Suppose -3*n - n = 16. What is the units digit of (d/9)/(n/24)?
4
Let u(g) = 2*g**3 + 2*g - 3. What is the tens digit of u(2)?
1
Suppose 31 = 2*d - 29. What is the units digit of d/4 + 6/12?
8
What is the tens digit of (-120)/(-3)*(-1)/(-1)?
4
Suppose -3*f + 6*f = 75. What is the units digit of (f + 3)/(4/2)?
4
Let l(y) = -y**3 + 6*y**2 + 4*y - 5. What is the units digit of l(6)?
9
Let u(z) = -2*z**3 + 2*z**2 - z - 1. What is the units digit of u(-3)?
4
Let y be ((-3)/(-6))/(2/16). Let p be 186/y + (-4)/8. Suppose -p = -4*l + 2*l. What is the tens digit of l?
2
Let a be 26/7 - (-2)/7. Suppose i - 3 = -0*i. Suppose -a*s + 19 = i. What is the units digit of s?
4
Let r = -95 + 187. Suppose 4*b = -24 + r. What is the tens digit of b?
1
Let b(r) = -r**3 - r**2 - r + 3. Let w be b(-3). What is the units digit of (w/6)/((-1)/(-2))?
8
Suppose -5*a + 56 = -a. Let t = a + 1. What is the units digit of t?
5
Suppose 0 = 2*y - y. Suppose y = 4*l - 7*l + 18. What is the tens digit of (3/l)/(1/24)?
1
Suppose 4*x + 9 = -i, 4*x + 4*i = -0*x. Let g = x - -3. Suppose 2*m = g, -4*s - m = -3*s - 1. What is the units digit of s?
1
Let f(p) = 3*p**2 - 2*p + 5. Let x = -18 - -21. What is the units digit of f(x)?
6
Let r be (3 - 6) + (4 - -1). Suppose 0 = r*k - 4 - 6. What is the units digit of k?
5
Suppose -14 = c + c. Let u = c + 10. What is the units digit of u?
3
What is the tens digit of ((-134)/(-6))/((-2)/(-6))?
6
Let q(l) = l**2 - 3*l + 1. Let m be q(4). Suppose m*p - 4 = -5*x + 1, -4*p - 2*x = -12. What is the units digit of p?
5
Let n be 5*2/(30/141). Let c = n + -16. What is the tens digit of c?
3
Let a = 6 + 1. What is the units digit of a?
7
Suppose -13 + 72 = 2*v - 5*h, 0 = -v - 2*h + 25. What is the tens digit of v?
2
Let v(d) = -3*d**3 - 8*d**2 + d - 7. Let m(y) = 4*y**3 + 8*y**2 - 2*y + 6. Let n(k) = 2*m(k) + 3*v(k). Let r be n(-8). What is the units digit of -7*2*-1 + r?
3
Suppose l = -3*f - 3*l + 348, -3*l = 4*f - 471. What is the hundreds digit of f?
1
What is the units digit of ((-135)/(-6))/3*2?
5
Let i = 318 - 188. Suppose 0 = 4*b + 3*v - 122, 4*b - i = 3*v + 4. Suppose 5*q - q - b = 0. What is the units digit of q?
8
Let q be (-4)/(-16) - 78/(-8). Let u = -6 + q. What is the units digit of 4*-1*u/(-2)?
8
Let b(n) = n**2 - 8*n + 10. Let y be b(7). Suppose y*d - 30 - 18 = 0. What is the units digit of d?
6
Let z = -17 + 38. What is the units digit of z?
1
Let l = -122 + 56. What is the tens digit of ((-2)/6)/(2/l)?
1
Suppose 0 = -9*o + 4*o + 20. Let p(c) = -c - 1. Let g be p(o). Let b = -4 - g. What is the units digit of b?
1
Suppose -4*f + 3*f - 1 = 0. Let w be f/(3/6)*2. What is the units digit of ((-2)/4)/(w/32)?
4
Suppose 511 - 83 = 4*x. What is the units digit of x?
7
Let v be (-2)/3*(-93)/2. Suppose 0 = -4*n + 2*o - 92, -2*o - 22 = n - 4. Let y = n + v. What is the units digit of y?
9
Suppose 5*x - 89 = j + 68, 4*j - 12 = 0. Let m = x - 19. What is the tens digit of m?
1
Let b(h) be the third derivative of -h**6/120 + h**5/60 - h**4/24 + 25*h**3/6 - 5*h**2. What is the units digit of b(0)?
5
Let h(n) = 2*n - 19. What is the units digit of h(15)?
1
Suppose -3*q + 4*l + 2 = -q, -3*q + 3 = 3*l. Let v be (q - -2)/1 - -2. Suppose -11 - 4 = -v*s. What is the units digit of s?
3
Let p = 218 - 32. What is the hundreds digit of p?
1
Suppose u + 2 = 4*u - 4*v, -4*u + 9 = v. Suppose -u = 2*d - 4*d. What is the units digit of d?
1
Let z(i) = -i + 9. Let k be z(6). Suppose -d = -k*a + 52, 2*a - 3*d - 37 = -0*d. What is the units digit of a?
7
Suppose -d + 2 = -0. Let a be d/1 - (-4)/(-2). Suppose -3*c - c + 16 = a. What is the units digit of c?
4
Let k be 1/(2*(-3)/36). Let c(p) = -p**3 - 6*p**2 + p + 4. Let m be c(k). What is the units digit of m/(-8) - (-93)/12?
8
Let w(p) = 14*p**3. Let k be w(1). Let o = -8 + k. What is the units digit of o?
6
Suppose c - 5*c = -100. Suppose 4*b = -b + c. What is the units digit of b?
5
Let q(g) = 2*g**2 + 10*g + 10. What is the units digit of q(-11)?
2
Let f be -5 + -1 + (-1 - -1). Suppose -15 = -3*l, -m + l = -3*l + 23. Let g = m - f. What is the units digit of g?
3
What is the tens digit of (-56)/(-6) + 4/6?
1
Let p = -187 + 309. What is the tens digit of p?
2
Let y(u) = -u**3 - 10*u**2 + 10*u - 10. Let a be y(-11). Suppose 2*i - 2 = 4*w - 12, a = w + i. What is the units digit of w?
2
Suppose 3*q + l = 102, 4*l + 47 - 13 = q. What is the tens digit of q?
3
Let f(t) = -t**3 - t**2 + 2*t + 2. Let n be f(0). Suppose 0 = n*o - 4*k - 38, -2*o + 2*k - 6 = -36. What is the units digit of o?
1
Suppose 3*n - 3 = 3. Suppose d - 30 = -n*h, -2*d + h + 38 = -2. What is the units digit of d?
2
Let s = 27 + -13. Let p = s - 10. Let q = p - 2. What is the units digit of q?
2
Let j(g) = -g**2 + 8*g - 3. Suppose -2*y + 21 = 3*d, 3*d + y - 21 = 2*y. Let o be j(d). Suppose 4*s - o*a - 1 = 27, 5*a + 11 = -s. What is the units digit of s?
4
Suppose -4*t + 1 = -7, 3*j - 5*t = -34. Let g = -3 + -1. Let p = g - j. What is the units digit of p?
4
Suppose -3*x + 5 - 49 = -2*w, -52 = -3*w + x. Suppose 2*y + w = 4*y. What is the units digit of y?
8
Suppose 2*j = -3*d + 28 - 3, 3*j + 5*d = 39. What is the units digit of j?
8
Suppose x + 23 = 3*z, 6*x = 5*z + x - 25. What is the units digit of z?
9
Let b = 6 - -13. Let m = b - 10. Suppose -2*i = -w - 2*w - 21, -i + m = -w. What is the units digit of i?
6
Let a be (-7 - -1)/(12/(-8)). Suppose -5*z = a*c - 111, -2*z - c = z - 61. What is the tens digit of z?
1
Let r(s) be the second derivative of 4*s + 0 + 4/3*s**3 - 5/2*s**2 - 1/12*s**4. What is the units digit of r(6)?
7
Let v = 6 + 16. What is the tens digit of v?
2
Let x = 5 + -2. Suppose 0 = x*v - 6. Suppose t - 24 = -4*z, -z = v*z + 2*t - 18. What is the units digit of z?
6
Let q be (-2 - (3 + -3)) + -14. Let f(x) = -x**2 + 6*x - 6. Let k be f(8). Let v = q - k. What is the units digit of v?
6
Let n(f) be the third derivative of f**4/24 + 5*f**3 + f**2. What is the tens digit of n(0)?
3
Let n(t) = 24*t**3 - 2*t**2 + 1. Let o be n(1). Suppose -g + o = -2*u, -5*g - 5*u - 49 = -179. What is the units digit of g?
5
What is the tens digit of 204 + (8/(-12) - 4/12)?
0
Suppose -5*n = -3*w - 6*n + 23, -w + 5*n = 19. What is the tens digit of (10/w)/((-2)/(-42))?
3
Suppose -3*b + 15 = -3*d, -2*d + 0*d + b = 10. Let a(q) = -q - 4. What is the units digit of a(d)?
1
Suppose a - 234 - 121 = -5*z, z = -a + 75. What is the units digit of z?
0
Let m(j) = j**3 - j + 1. Let k(p) = 2*p**3 - p**2 - 5*p + 5. Let i(w) = -k(w) + 5*m(w). What is the units digit of i(2)?
8
Suppose 3*w + w - 127 = -u, 4*w + 2*u = 122. What is the units digit of w?
3
Suppose r + 2 - 29 = x, 4*r - 3*x = 112. What is the tens digit of r?
3
Suppose -4*g + 5*g + 2*n = 14, 0 = -3*n - 3. What is the units digit of g?
6
Let n(u) = -u**3 + 11*u**2 - u + 8. Let w be n(11). Let o(g) = 3*g**2 - g - 6. What is the units digit of o(w)?
4
Suppose b = 1 + 6. Let c = 25 - b. What is the units digit of c?
8
Suppose f - 66 = 5*h - 2*h, f + 2*h = 71. What is the units digit of f?
9
Let t be -3*(2 + 64/6). Let u = t + 54. What is the tens digit of u?
1
Suppose -2*a = -6*